= 158 - 155. Suppose x*j = 147 + 27. What is the remainder when 277 is divided by j?
45
Let r = 1500 + -841. Calculate the remainder when r is divided by 42.
29
Suppose v + 2*x = 3*v - 38, 2*x + 86 = 5*v. Let i be ((-50)/20)/((-2)/4). Suppose 126 = -3*n + i*n. What is the remainder when n is divided by v?
15
Let d(f) = -f**2 - 85*f - 698. What is the remainder when 562 is divided by d(-10)?
42
Let p(r) = -88*r**3 + 36*r**2 + 93*r. What is the remainder when p(-3) is divided by 24?
21
Let n(r) = -3*r**2 + 103*r + 335. What is the remainder when 376 is divided by n(37)?
25
Let s be (0 - -14)*(110/35)/11. Suppose -s*t + 3955 = 31*t. Suppose 4*j = -5 + 25, 62 = 3*m + j. Calculate the remainder when t is divided by m.
18
Suppose -34*k = -184 - 258. What is the remainder when 362 is divided by k?
11
Let o be (-770)/55 + (-2 - -27). Let y(q) = 3*q - 3. Let l be y(2). Suppose l*x - 139 = o. What is the remainder when x is divided by 18?
14
Suppose -4*s - 4*c + 554 - 146 = 0, -5*s + 486 = -c. Let z = s + -54. Calculate the remainder when z is divided by 4.
0
Suppose 0 = -4689*c + 4676*c + 3770. Calculate the remainder when 3189 is divided by c.
289
Suppose 5*k + 4*h = 631, 232 = 2*k - 3*h + 8*h. Calculate the remainder when 892 is divided by k.
106
Let h be 6/6*(3 + 0). Suppose 5*s - 4*i = 325, -h*s - 4*i = -209 + 46. Suppose -7*t + 71 + 83 = 0. Calculate the remainder when s is divided by t.
17
Let r be (-1 + 0)*15/(2 + -5). Suppose -6*l = -3*l + 5*a - 38, r*l = 2*a + 53. What is the remainder when l is divided by 5?
1
Calculate the remainder when 2593 is divided by 68 + (1 - (-6 - (7 + -17))).
58
What is the remainder when 1/((-16)/(-136) + 1995/(-17969)) is divided by 45?
16
Suppose -32*m + 2*m + 5645 - 1115 = 0. What is the remainder when m is divided by 15?
1
Suppose -5*g = 2*q - 766, 13*g - 15*g + 5*q + 318 = 0. Suppose 5*i - 270 = -0*i + 5*s, 5*s + 111 = 2*i. What is the remainder when g is divided by i?
48
Let f = 702 + -278. Suppose -5*l = -381 - f. What is the remainder when l is divided by 42?
35
Let h(t) = 7*t - 65. Let u(j) = 2. Let x(l) = -h(l) - 2*u(l). What is the remainder when 244 is divided by x(6)?
16
Suppose 100*u = 96*u + 20. Suppose -a + 614 = 3*g - 3*a, 1022 = u*g - 2*a. What is the remainder when g is divided by 16?
12
Suppose 0 = -0*j + 3*j - 147. Let f(t) = -9*t - 31. Suppose -2*v - 2 = 8. Calculate the remainder when j is divided by f(v).
7
Suppose 5*c - 761 = -o, -5*o + 430 = c - 3399. What is the remainder when o is divided by 72?
46
Let l(d) = 3*d**2 - 16*d + 7. Let h be l(5). Suppose h*f = -2*x + 148, 36*x + 3*f + 275 = 40*x. What is the remainder when 138 is divided by x?
67
Suppose -z + 5*k + 132 = 0, -3*k + 44 - 41 = 0. Suppose 0 = 2*n + m + 236, 5*n - 2*m + 387 = -221. Let p = z + n. What is the remainder when 67 is divided by p?
16
Let u(n) = -n**3 + 31*n**2 + 80*n - 550. What is the remainder when u(32) is divided by 79?
38
Suppose 4*n + 4*z - z - 140 = 0, n - 2*z - 24 = 0. What is the remainder when n is divided by 8?
0
Suppose -7*t + 10773 - 945 = 266*t. What is the remainder when 187 is divided by t?
7
Suppose 3*n - 2*y - 7881 = -2*n, -n = -4*y - 1551. What is the remainder when n is divided by 7?
4
Suppose n - 4*n - 232 = -4*j, -4*j - 4*n = -260. Calculate the remainder when j is divided by 9/30*(-8)/12 - 352/(-10).
26
Let u(t) be the third derivative of t**5/60 - t**4/6 - 49*t**3/6 + t**2 - 30. Calculate the remainder when 119 is divided by u(10).
9
What is the remainder when -6*(-273)/(-126)*-261 is divided by 81?
72
Let m(f) = -f + 33. Let h = -39 + 50. Let q be m(h). Let u = q + 5. What is the remainder when u is divided by 5?
2
Suppose -8*a + 3*a = -25, 0 = 3*j - 5*a - 260. Calculate the remainder when 2849 is divided by j.
94
Let f(n) = 27*n + 23. Suppose 0 = 2*m - 20 + 4. What is the remainder when f(m) is divided by 40?
39
Suppose -g - 2*g = -168. Suppose 396*a - 8246 = 197*a - 235*a. What is the remainder when g is divided by a?
18
Calculate the remainder when 2254 is divided by (-992)/(-62) + -1 + -7.
6
Suppose -13 = -2*u + 3*u. Let p = 5 - u. Let h(x) = 8*x + 23. Calculate the remainder when h(5) is divided by p.
9
Let w = -70 + 100. Suppose 5*u + 11 = 2*x, -2*x - 4 = 3*x - 2*u. Calculate the remainder when 4 + -5 + x - -75 is divided by w.
12
Let o = 10 + -14. Let p = 88 + -62. What is the remainder when p is divided by o - 10/(40/(-84))?
9
Suppose 0 = 4*u + 3*t - 9486, -5*u - 2164 = t - 14005. Calculate the remainder when u is divided by 10.
7
Let s(a) = 8 + 5*a + 16 + 0*a - 6. Let n be s(-3). Suppose 2*i = 3*b + 144 - n, 0 = -2*b + 10. Calculate the remainder when i is divided by 41.
37
Let m = -3113 - -3120. What is the remainder when 760 is divided by m?
4
Suppose 54*j = 57*j - 81. Suppose j*b = 15*b + 384. What is the remainder when b is divided by 9?
5
Let r be ((-38)/8)/((-11)/88). Suppose r*t + 1452 = 82*t. Calculate the remainder when 61 is divided by t.
28
Let w = -53 + 53. Suppose -12*l - 12*l + 4632 = w. What is the remainder when l is divided by 52?
37
Let k(o) = -4*o - 28. Let c be k(-7). Suppose -11*g = -10*g - 2*x - 13, c = -4*g + 4*x + 48. Calculate the remainder when 18 is divided by g.
7
Suppose 0 = -t - 6 + 8. Suppose -t*q - 5 = -15. Suppose 4*w = -0*w - q*b + 60, 2*w = 2*b + 48. What is the remainder when 57 is divided by w?
17
Suppose -4*j + 3*j = 5*s - 780, 3*j = 3*s + 2394. What is the remainder when j is divided by 375?
45
Let d be 7 + -6 + 1 + -2. Suppose -6*u - 165 + 411 = d. Calculate the remainder when 80 is divided by u.
39
Let w = 2 - 4. Calculate the remainder when 135 is divided by w/(-10)*(-25)/(-10)*70.
30
Suppose -i + 2*b + 45 = 0, i + 58 = 3*b + 98. Calculate the remainder when 3262 is divided by i.
17
Let h = 3445 + -3401. What is the remainder when 521 is divided by h?
37
Let p(i) = -2*i**2 - 13*i + 9. Let l(s) = 0*s + 2 - 10 + 7 - s. Let j(t) = 4*l(t) - p(t). Calculate the remainder when 129 is divided by j(-7).
19
Let m be 78/9 - -2*4/(-12). Suppose -242 = -m*r - 194. What is the remainder when r is divided by 4?
2
Let g(f) = 2*f**3 - 6*f**2 + 2*f + 3. Let i be g(4). Suppose 2*q = k + 174, q - i = -4*k + 44. Calculate the remainder when q is divided by 44.
43
Suppose o + b - 11 = 0, -o + 33 = 2*o - 5*b. Suppose 0 = -o*h + 752 + 1646. What is the remainder when h is divided by 16?
10
Let a = 2440 + -2400. Calculate the remainder when 794 is divided by a.
34
Let t = -28077 - -28111. Calculate the remainder when -3*(-4)/(-6) + 67 is divided by t.
31
Suppose 2*q + 1 = -3*o, 2*o - 4*q - 32 = -2*o. Let x(n) = 2*n**2 + 36*n - 121. Calculate the remainder when x(-21) is divided by 4 - (2 - o - -1).
1
Suppose 3*s = -2*h - 57, -h + 0*h - 11 = 5*s. Let i be (-546)/h + (-2)/12. Calculate the remainder when i/(-10)*(-3 + 627/(-9)) is divided by 7.
4
Let y = 46 + -43. Suppose -8*i + y*i - 20 = 0. What is the remainder when 58 is divided by 4/2 + (7 + -3 - i)?
8
Let d(n) = 14*n - 522. Let p be d(43). Suppose -77*q = -p*q + 12. Let r(l) = -l + 21. What is the remainder when r(0) is divided by q?
1
Let t(b) = 2*b**2 + 28*b + 30. Let l be t(-13). Suppose 0 = 3*y - 4*p - 85, 2*p = -l*y + 30 + 54. Calculate the remainder when y is divided by 5.
3
Suppose 5*s - 5 = 0, 753 = -2*f - 3*s + 760. What is the remainder when 119 is divided by f?
1
Suppose 59 + 25 = 7*l. What is the remainder when (-2 + 264)/(14/(77/11)) is divided by l?
11
Suppose -3*v - 52 = 83. Let p = 77 - v. Suppose -824*y = -788*y - 2232. What is the remainder when p is divided by y?
60
Suppose -40 = -4*b + 216. Calculate the remainder when b is divided by 25/5 + (12 - 12).
4
Suppose -4*v - 8 = -8*v, 0 = 2*w - 4*v - 1196. What is the remainder when w is divided by 200?
2
Let o(h) be the first derivative of 3*h**2/2 + 2*h - 4. Let n = 306 - 243. Calculate the remainder when n is divided by o(2).
7
What is the remainder when ((-1 - 19) + 16)/(2/(-2885)) is divided by 13?
11
Suppose -2*m + 2*x + 43 = m, 72 = 4*m + x. Let z(i) = 7*i**2 + 47*i - 95. Calculate the remainder when z(-11) is divided by m.
14
Let r(c) = c**3 - 26*c**2 - 3*c + 83. Let y be r(26). Suppose 5*a + 22*j = 20*j + 86, -y*a - 5*j = -95. Calculate the remainder when 76 is divided by a.
12
Let h = 3418 + -3401. What is the remainder when 1984 is d